ommon factor of 72 and g?
9
Suppose 5*x - 2*x = c - 19, c - 27 = -5*x. What is the highest common factor of c and 55?
11
Suppose k - 342 = -k. Let n = -17 + k. Let x = -33 - -47. What is the greatest common factor of n and x?
14
Let q(g) = -2*g + 10. Let v be q(-13). What is the greatest common factor of v and 90?
18
Let l be (13 - 14)*-1*23. Calculate the greatest common factor of l and 23.
23
Let o(i) = i - 1. Let c be o(-6). Let m(v) = 2 + 7*v**2 - 336*v + 336*v + v**3. Let a be m(c). What is the highest common divisor of a and 14?
2
Suppose 0 = 4*x - 8 - 0. Suppose -32 + 8 = -x*i. What is the highest common factor of 6 and i?
6
Let z be (-4)/(-14) - (-206)/14. Let k = -2 + 1. Let o be 3 - ((-116)/1 + k). What is the greatest common factor of o and z?
15
Let x = 32 + -21. Calculate the highest common divisor of x and 143.
11
Let l = 309 + -219. Suppose -4*u = 4*j - 28, 4*u - 5*j = -0 + 1. Suppose 24 = s - u*a, 69 = 2*s + a - 6. What is the highest common factor of l and s?
18
Let u be (-14)/49 + 2*(-242)/(-28). Calculate the greatest common factor of u and 34.
17
Let d = -33 + 55. Let h = -19 + d. What is the greatest common divisor of h and 27?
3
Let m(n) = n**2 + 1. Let r(z) = z + 12. Let j be r(-10). Let t be m(j). Let b = -2 + t. Calculate the greatest common divisor of b and 12.
3
Let o = 12 - 20. Let z = 6 - o. Calculate the highest common factor of 56 and z.
14
Suppose -x - 2*t = -26, -t = 2*x + t - 50. Let r = 115 - 91. What is the greatest common factor of x and r?
24
Suppose 5*b - 97 = 158. Suppose 0 = h - 3*n - b, -155 = -5*h - 2*n + 32. Calculate the greatest common factor of 26 and h.
13
Let v be ((-6)/4)/(36/(-120)). Suppose 2*a - g - 36 = 0, -a - 41 = -4*a - v*g. What is the greatest common factor of a and 34?
17
Let w(d) = 5*d**2 - 12*d - 1. Let v be w(5). Calculate the highest common factor of v and 160.
32
Let d = -7 - -16. Calculate the greatest common divisor of 45 and d.
9
Suppose -b + 5*w - 4 = -40, 3*b - 3*w - 84 = 0. What is the greatest common factor of b and 104?
26
Let b be 6/9*(-1 - -79). Let l = -1 - -79. Calculate the highest common divisor of b and l.
26
Let a = -1 - -3. Let c be ((-2)/(-3))/(1/24). Let y = c + a. What is the greatest common factor of y and 54?
18
Suppose -95 = -5*l - 0*l. Suppose -5*i = l - 49. Calculate the highest common divisor of i and 15.
3
Let w be (120/(-75))/(2/(-20)). Calculate the highest common divisor of 64 and w.
16
Suppose -b - 2*b = -2*f + 60, 5*f - 5*b - 150 = 0. Calculate the highest common divisor of f and 10.
10
Let w = -51 + 16. Let v be 4/16 + w/(-4). Calculate the highest common divisor of v and 72.
9
Let y be (-483)/(-5) - (-6)/(-10). Calculate the greatest common divisor of 240 and y.
48
Suppose 2*j - 27 - 43 = 5*i, 2*j - 2*i = 70. What is the greatest common divisor of j and 5?
5
Let s = 226 - 136. Suppose 5*z - 5*k = 930, k + 5 - 3 = 0. Let d be z/18 - 4/18. What is the highest common factor of d and s?
10
Suppose 56 = 3*n - 16. Suppose -r = -2*b - 0*r + 25, 3*r - 33 = -3*b. Calculate the greatest common divisor of b and n.
12
Suppose 0*j + 5*j = 125. Calculate the greatest common divisor of 50 and j.
25
Suppose 0 = 4*j + d - 10 - 2, 2*d + 6 = 2*j. Calculate the greatest common factor of j and 3.
3
Let p = 39 + -27. What is the highest common factor of p and 108?
12
Suppose 30*g = 31*g - 54. Calculate the greatest common divisor of 81 and g.
27
Let y(v) = v**3 + v**2 - 7*v + 5. Let c be y(5). What is the highest common divisor of 15 and c?
15
Let o be 2/11 + (-1610)/22. Let f = o + 190. Calculate the highest common divisor of 13 and f.
13
Let g = 25 - -10. Suppose 2*c - g = -3*c. What is the greatest common divisor of c and 28?
7
Let c = 13 + 3. Suppose 4*u - 5*p = 6, u + 4*p - 9 - 3 = 0. Calculate the greatest common divisor of u and c.
4
Suppose 0 = d + 4*d - 80. Let b = 131 - 123. Calculate the highest common divisor of d and b.
8
Suppose 4*u - 1 = 31. What is the greatest common factor of u and 64?
8
Let x(n) = n - 1. Let l be x(4). Suppose -l*r + 108 = r - 5*g, -27 = -r + 3*g. What is the greatest common factor of r and 3?
3
Suppose 3*h + 24 = b, 5*b = -0*h - 4*h + 44. What is the greatest common divisor of b and 48?
12
Let j(i) = -14*i - 1. Let d be j(-1). Let o be ((-52)/(-3))/((-42)/(-63)). What is the greatest common divisor of o and d?
13
Suppose 5*y - 2*b = 226, b + 47 = y - 0*b. Suppose 37 = 3*g - 4*z, 0 = -2*g + z - 5*z + 18. Calculate the greatest common factor of y and g.
11
Let a be 29/7 + 1/(-7). Suppose -r = a*r - 10. What is the highest common factor of r and 1?
1
Suppose 38 + 22 = 5*f. Suppose 130 = 4*d + 98. What is the highest common divisor of f and d?
4
Let b = 21 + -37. Let c be b/(2/4*-2). Calculate the greatest common factor of 32 and c.
16
Let i be 54/10 + (-4)/10. Suppose -5*d = 5*q + i, 4*q + 13 + 11 = d. Calculate the greatest common factor of d and 2.
2
Let b(t) = -t**3 + 5*t**2 + 3*t - 2. Let f = -12 + 17. Let d be b(f). Let o = d + -9. What is the highest common divisor of o and 24?
4
Let r = 0 + 1. Let j(m) be the first derivative of 143*m**4/4 - m**2/2 + m - 6. Let l be j(r). Calculate the highest common factor of l and 13.
13
Let n(o) = 22*o**2 - o + 8. Let b = 6 - 9. Let u be n(b). Let c be ((-38)/(-8))/(1/4). What is the greatest common divisor of u and c?
19
Suppose -2*k = 4*g - 84, -4*g - 2*k + 88 = 2*k. Let m(v) = 31*v - 6. Let h be m(6). What is the highest common factor of h and g?
20
Suppose 0 = -3*g + 15 + 24. What is the highest common factor of g and 299?
13
Let d = 25 + 316. Calculate the greatest common factor of 31 and d.
31
Let r = 0 - -4. Suppose r = -z + 3*z. Suppose -z*u - 1 = -2*l + 13, 3*l = -4*u + 42. Calculate the greatest common divisor of l and 25.
5
Suppose 1 = 2*m + 5*o, 0*m - 4*m + 14 = -2*o. Suppose -3*w - p + 21 = 3*p, -2*w = m*p - 13. Calculate the greatest common divisor of w and 1.
1
Let m = 95 + -75. What is the greatest common factor of 10 and m?
10
Let r(p) = -12*p - 9. Let d(z) = -6*z - 5. Let b(w) = 7*d(w) - 4*r(w). Let o be b(1). What is the highest common divisor of 49 and o?
7
Let o = 30 - 11. What is the greatest common divisor of 95 and o?
19
Let n be 20/(-2)*(-28)/(-10). Let k = 103 + n. Let a be ((-4)/(-10))/(5/k). What is the highest common divisor of a and 4?
2
Let s = 22 + 3. Suppose 3*x - 54 = n + 31, 3*n = -x + s. What is the greatest common divisor of x and 42?
14
Let u(c) = c - 5. Let h(z) = -z + 4. Let j(l) = -6*h(l) - 4*u(l). Let t be j(4). Calculate the greatest common factor of 8 and t.
4
Suppose 8 - 5 = 3*i. Let u = i - -2. Suppose 0 = -u*n - n + 16. What is the greatest common factor of n and 2?
2
Suppose 7*r + 30 = -o + 2*r, o + 6 = r. Let a(q) = q + 14. Let n be a(o). What is the greatest common factor of n and 12?
4
Suppose -3*f + 3 + 33 = 0. What is the greatest common factor of 4 and f?
4
Let f = 89 - 9. What is the greatest common divisor of f and 10?
10
Suppose 44 + 142 = 3*y. What is the highest common factor of 124 and y?
62
Suppose -3*g = -2*n - 0*n - 16, -3*n = -5*g + 25. Calculate the highest common factor of 2 and g.
2
Let c(n) = -n**2 - 10*n - 10. Let p be c(-7). Suppose 0 = -4*h + p - 3. Suppose o + 3*l = -2*l + 7, l + h = 0. What is the highest common divisor of o and 51?
17
Let v(x) = -x**3 - 7*x**2 - 10*x - 8. Let o be v(-6). Suppose 5*c - o = 3*c. Calculate the greatest common divisor of 24 and c.
8
Suppose 17*x = -52 + 103. Suppose -p + 13 = 4. Calculate the highest common factor of p and x.
3
Let m = -1 + 1. Suppose m = -3*l + 5*a + 22, 0 = -5*a + a + 16. What is the greatest common factor of l and 42?
14
Let y be (-424)/(-88) - 2/(-11). Suppose -y*v = -43 - 27. Calculate the greatest common factor of 70 and v.
14
Suppose -21 - 343 = -4*y. What is the highest common factor of 26 and y?
13
Suppose -y + 43 = -3*j, -2*j - j = -4*y + 127. Let h(v) = v**2 - 4*v - 5. Let q be h(6). Calculate the greatest common factor of y and q.
7
Let v = -373 - -648. Calculate the highest common divisor of 25 and v.
25
Let x be (-12)/(2/17*1). Let i = -60 - x. Calculate the greatest common factor of 63 and i.
21
Let l = -13 - -14. What is the greatest common factor of 21 and l?
1
Let h(g) = -g**3 + 32*g**2 + 7. Let k be h(32). Calculate the highest common divisor of k a